o. Suppose 5*n = 2*z + 10, -6*n + n + 4*z + 10 = o. What is f(n)?
8
Suppose 21 = r + 13. Suppose -r*n - 4 = -4*n. Let y(w) = -11*w - 1. Calculate y(n).
10
Suppose 3*o - 4*s + 26 = 5*o, s - 5 = 0. Suppose 0 = -0*c + o*c - g + 11, 4*g + 31 = -3*c. Let f(h) = -h**3 - 5*h**2 + h - 2. Calculate f(c).
-7
Suppose -3*o - 9 = m, 0*o - o - 7 = m. Let a be -6 + 1*(-3 - m). Let c(n) be the third derivative of -n**6/120 - n**5/15 - n**4/24 + n**3/2 + 5*n**2. Give c(a).
-3
Let n = -15 + 16. Let m(y) be the first derivative of y**2/2 - 1. What is m(n)?
1
Let f = 3 - 0. Let v(m) = -22 + 0*m + 19 - m. What is v(f)?
-6
Let l(f) = f**2 + 4*f. Let r(i) = 3*i**2 + 7*i. Let v(q) = 5*l(q) - 3*r(q). Calculate v(1).
-5
Let m(r) = -r**3 + 7*r**2 + 3. Suppose -35 = -3*x - 2*x. What is m(x)?
3
Let m(u) = u**2 + 2*u + 3. Let s be (10/(-15))/(2/15). Give m(s).
18
Let n(h) = -h - 1. Suppose 7*t = 5*t. Determine n(t).
-1
Let m(j) = -4*j - 4*j + 6*j. Let a(n) = -2*n**3 - n + 9. Let r(w) = -w**3 - w + 5. Let f(v) = -4*a(v) + 7*r(v). Let u be f(-2). Give m(u).
6
Let m(b) be the first derivative of -b**2 - 6*b - 13. Give m(-8).
10
Let v(b) be the second derivative of -b**5/20 + b**4/3 + 2*b**3/3 + b**2/2 + 12*b. Determine v(5).
-4
Let l(s) = -s - 2. Let u be l(-1). Let j = u + 5. Let p(v) = -v**3 + v**2 - v + 1. Let x(o) = -5*o**3 + 8*o**2 - 3*o + 1. Let d(b) = 4*p(b) - x(b). Give d(j).
-1
Suppose -5*y - 2*t + 26 = 0, -2*t + 6*t - 12 = 0. Let u(l) = l**2 + 4*l + 3. What is u(y)?
35
Let k(s) = -4*s**2 - 11*s. Let v(x) = -5*x**2 - 12*x + 1. Let z(g) = 6*k(g) - 5*v(g). What is z(7)?
2
Suppose 5*o - 1 = 19. Let l(z) = 2 - 4*z + o*z - z. Calculate l(1).
1
Let k(x) be the first derivative of 0*x**4 + 1/15*x**5 + 1/6*x**3 + 0*x - 1/2*x**2 + 2. Let s(c) be the second derivative of k(c). Calculate s(1).
5
Let k(j) = -6*j + 6. Let u(x) = 3 - x + 4 - 3 - 3. Let n(l) = -k(l) + 4*u(l). Calculate n(-2).
-6
Let h(g) = 1. Let p(f) = -12*f + 3. Let t(o) = 4*h(o) - p(o). What is t(-1)?
-11
Let o(a) = a**2 + 3*a - 5. Let t be o(-5). Let q(f) = f**3 - 4*f**2 - 7*f + 6. Calculate q(t).
-4
Let n(x) be the third derivative of -x**4/24 - x**3/3 - 19*x**2. Determine n(3).
-5
Let z(q) = -q + 5. Let b = -32 + 38. Calculate z(b).
-1
Let f(o) = 2*o**2 - 2*o**2 + o**2 + 2*o + 3*o**2. Let l(u) = 6*u**2 + 3*u. Let x(p) = 7*f(p) - 5*l(p). Calculate x(1).
-3
Let i(n) = -n**2 + 7*n - 4. Suppose -2*h + 0*h = -3*d, -14 = -3*h + d. Give i(h).
2
Let o(l) = -l**3 + l**2 - l - 1. Suppose 3*t + 0 = 2*w - 8, 2*t - 12 = -3*w. Calculate o(t).
-1
Let z(x) = -5*x + 1. Let t(q) be the second derivative of q**3/6 - 2*q**2 + 2*q. Suppose 6 + 9 = 5*d + 5*y, 8 = -4*y. Let j be t(d). Determine z(j).
-4
Let z(m) = -3*m**3 + 5*m**2 - 9*m - 1. Let v(s) = 4*s**3 - 5*s**2 + 10*s. Let c(q) = -4*v(q) - 5*z(q). Determine c(-6).
11
Suppose -o + 24 = 4*a + 3*o, a + 6 = 2*o. Let b(m) = -3*m**2 + 3*m - 2. Determine b(a).
-8
Let q(a) = -a + 1. Let d(h) = -h**3 - 3*h**2 + 4*h - 3. Let y be d(-4). Let p(g) = 3*g + 4. Let f(v) = y*q(v) + p(v). Let i = -25 + 24. Calculate f(i).
-5
Let o = 9 - 4. Suppose 3*f + 4 - 11 = -o*w, 0 = 3*f - 5*w + 43. Let k(s) = s**2 + 5*s. Calculate k(f).
6
Let w(c) = 103 + 4*c - 104 - 2*c. Determine w(-4).
-9
Let z(g) = g**2 + 4*g + 4. Let c(x) = -x**2 + 8*x - 6. Let u be c(9). Let k = -19 - u. Give z(k).
4
Let f(w) = 28*w**2 - 16*w + 7. Let d(u) = 7*u**2 - 4*u + 2. Let g(i) = 18*d(i) - 4*f(i). Let q(s) = -5*s**2 + 3*s - 3. Let v(b) = -4*g(b) - 11*q(b). Give v(0).
1
Let c(w) = -w**3 + 2*w**2 + 4*w + 5. Let m be -3*-2*(-2)/(-3). What is c(m)?
-11
Let k(q) = -q**2 + 47 - 133 + 47 + 45. Calculate k(0).
6
Let i(k) = -3*k - 7. Let d(t) = 3*t + 6. Let g(l) = 6*d(l) + 5*i(l). Suppose 8*w - 6 = 10. Give g(w).
7
Let g(z) be the third derivative of z**5/60 + z**4/12 - z**3/3 - 3*z**2. What is g(-4)?
6
Let o(u) = -2*u + 2. Let r = -5 - -7. Suppose 2*j + 2 + 8 = -3*v, j + 5 = -4*v. Let m = r - v. Calculate o(m).
-2
Let z = 7 - 3. Suppose -2*f = -0 - 6. Let t(d) = 2*d**f - 6*d + 2 - 4*d**2 - d**3 + d**2. Determine t(z).
-6
Let y(p) be the first derivative of -p**5/60 + p**4/4 + p**3/6 + p**2 + 1. Let n(k) be the second derivative of y(k). What is n(3)?
10
Let x be (-2 + 9/6)*-6. Let g(r) = 8*r - 3*r - 5 + r**2 + x. Calculate g(-5).
-2
Suppose -2*r + 8 = 2. Suppose -3*b + i + 15 = -3*i, b + 5 = -2*i. Let n(d) = b - 2*d + 0*d + 0. Determine n(r).
-5
Let t(f) = -2*f. Let d be t(-2). Let p(k) = -7*k**2 + 12*k - 1. Let s(r) = -10*r**2 + 18*r - 2. Let j(b) = -7*p(b) + 5*s(b). Calculate j(d).
5
Let n(a) = a + 1. Let k be n(-3). Let t(j) be the third derivative of 0*j - 1/60*j**5 + 1/2*j**3 + 2*j**2 + 0 + 1/12*j**4. What is t(k)?
-5
Let l(z) be the second derivative of -1/40*z**5 + 0 + z + 0*z**2 - 1/8*z**4 + 1/3*z**3. Let a(r) be the second derivative of l(r). What is a(-2)?
3
Let o(x) = -3*x + 2. Let w = 89 - 86. Give o(w).
-7
Let m(n) = -n**3 - 3*n**2 + 4. Suppose -4*i - 15 = i. Let a be m(i). Let q(d) = -d + 2 - 5*d**2 + a*d**2 + 1. Give q(0).
3
Let z = 0 + -7. Let o(n) = -n**3 - 8*n**2 - 7*n + 1. Calculate o(z).
1
Let r(q) = -q + 2. Let z be (-13)/2 + 1/2. What is r(z)?
8
Let o(s) = s**2 + 1. Let j(b) = -4*b**2 - 8. Let p(q) = j(q) + 3*o(q). Suppose a + 2*z + 10 = 0, -a + 5*z = -3*a - 25. Calculate p(a).
-5
Let a(g) = -g. Let v be a(-1). Let b(u) be the third derivative of -7*u**6/120 + u**4/24 - 5*u**2. Determine b(v).
-6
Suppose 0 = p - 0*p - 5. Let i be 2 + p + 3/(-1). Let z(l) = -l**3 + 4*l**2 - l + 3. What is z(i)?
-1
Suppose 4*m + 15 = 3*g, -3*m = 2*m - 2*g + 24. Let r(d) = -d - 1. Determine r(m).
5
Let b(k) = -3*k**2 + k - 2. Let u = -3 + 2. Let m(f) = f**2 + 1. Let n(l) = u*b(l) - 4*m(l). Suppose 0 = 5*i + 25, 2*i + 2*i = -5*s - 30. Give n(s).
-4
Let m = 9 - 2. Let l(c) = 8*c**3 + 6*c + 3. Let d(j) = -3*j**3 - 2*j - 1. Let b(p) = m*d(p) + 2*l(p). Let o be (-4)/(-14) - (-27)/(-21). What is b(o)?
6
Suppose 0 = -3*z + 5*s - 5, 4*z - 2*s + 5 = 3*s. Let o(c) be the second derivative of -1/20*c**5 - 2*c - 1/6*c**4 + 1/3*c**3 + z - 1/2*c**2. Give o(-3).
2
Suppose 15 = 3*n + 2*n. Suppose -n*m - 7 = -5*j, 5 = -4*m + 5*j - 1. Let v(h) be the first derivative of -2*h**4 + 2*h**3/3 - h**2/2 - 1. Calculate v(m).
-7
Suppose 4*f - 9 - 3 = 0. Let q(u) = 5*u**2 - u - 4*u**2 - 2 + 3 + f*u**3. Let p be 2/6 - 25/(-15) - 1. Calculate q(p).
4
Suppose -3*d + 2*d = -3. Let p be ((-1)/d)/(7/42). Let i(g) = 3*g + 3. Give i(p).
-3
Suppose 5*t = t + 20. Let o(k) = -3*k**3 - 10*k**2 - 5*k + 3. Let u(f) = 2*f**3 + 5*f**2 + 3*f - 2. Let m(w) = -3*o(w) - 5*u(w). Calculate m(t).
1
Let b(t) = -3*t + 2 - 4*t**2 + 97472*t**3 - 97471*t**3 - 4*t. Suppose 5*w = -a + 43, -5*a + 3 - 22 = -w. Let o = -4 + w. Give b(o).
-8
Suppose 0*u = 3*u + 9. Let d = -9 - -11. Let n(f) = 7 - 2*f - f**d - 7. Give n(u).
-3
Suppose 0 = -z + 3*z + 10. Let p(s) = s - 1. Let n(u) = -4*u + 12. Let w(a) = z*p(a) - n(a). Let j = -3 - 2. Determine w(j).
-2
Let p = -149 - -151. Let h(r) = -r**3 + 5*r**2 - 2*r - 1. Give h(p).
7
Let m(l) = 6*l + 1. Let p(s) = -s - 5. Let k be p(-6). Determine m(k).
7
Let i(k) be the third derivative of k**7/2520 - 7*k**6/720 + k**5/40 - k**4/4 - 7*k**2. Let f(b) be the second derivative of i(b). Give f(6).
-3
Let q(b) = b - 19. Let w be q(12). Let c(j) = j - 1. What is c(w)?
-8
Let j(d) = d**2 + 3*d + 1. Let s(z) be the first derivative of -z**3/3 - z - 1. Let v(p) = -j(p) - 2*s(p). What is v(4)?
5
Let y = 2 + 0. Suppose y - 22 = -4*c. Let r(x) = -8*x + 8. Let k(s) = -7*s + 7. Let v(i) = -6*k(i) + 5*r(i). Give v(c).
8
Let o(z) = z**2 - 1. Suppose -3*w - 2*w = -85. Suppose 0 = j + w - 44. Suppose -5*q + 4 - j = -b, -11 = 3*b + q. Calculate o(b).
3
Let z(c) = -c - 4. Let r(q) = 3*q. Let d(m) = -m. Let u(i) = -8*d(i) - 3*r(i). Let f(n) = 4*u(n) - z(n). What is f(4)?
-8
Let a(q) be the third derivative of q**5/60 - q**4/24 - 31*q**2. What is a(-3)?
12
Let q(w) be the second derivative of -w**7/840 - w**6/360 - w**5/120 + 5*w**4/24 - w**3/3 + 4*w. Let h(m) be the second derivative of q(m). Determine h(0).
5
Suppose r + r - 5*q + 18 = 0, 0 = -q + 2. Suppose l + 25 = 6*l. Let v(f) = 7*f - 4*f**3 + 6*f**2 + 5 + 0*f**3 + l*f**3. What is v(r)?
9
Let v(z) = 65 - 6*z - 64 + 2*z. Determine v(1).
-3
Let d(q) = q**2 + 3*q - 1. Let y = 107 + -111. What is d(y)?
3
Let s(m) =